{"id":184,"date":"2020-04-08T18:21:52","date_gmt":"2020-04-08T18:21:52","guid":{"rendered":"http:\/\/blagobisernogostrva.com\/?page_id=184"},"modified":"2020-05-23T09:01:38","modified_gmt":"2020-05-23T09:01:38","slug":"politika-kvaliteta-i-bezbednosti-hrane","status":"publish","type":"page","link":"https:\/\/blagobisernogostrva.com\/?page_id=184","title":{"rendered":"Politika kvaliteta i bezbednosti hrane"},"content":{"rendered":"<p>[et_pb_section fb_built=&#8220;1&#8243; _builder_version=&#8220;4.4.2&#8243; background_color=&#8220;#fcd07f&#8220; custom_padding=&#8220;30px||30px||false|false&#8220;][et_pb_row _builder_version=&#8220;4.4.2&#8243; custom_padding=&#8220;25px||25px||true|false&#8220;][et_pb_column type=&#8220;4_4&#8243; _builder_version=&#8220;4.4.2&#8243;][et_pb_post_title meta=&#8220;off&#8220; featured_image=&#8220;off&#8220; _builder_version=&#8220;4.4.2&#8243; text_orientation=&#8220;center&#8220;][\/et_pb_post_title][\/et_pb_column][\/et_pb_row][\/et_pb_section][et_pb_section fb_built=&#8220;1&#8243; prev_background_color=&#8220;#fcd07f&#8220; admin_label=&#8220;section&#8220; _builder_version=&#8220;4.4.2&#8243; top_divider_style=&#8220;triangle&#8220; top_divider_height=&#8220;50px&#8220; top_divider_flip=&#8220;vertical&#8220;][et_pb_row admin_label=&#8220;row&#8220; _builder_version=&#8220;3.25&#8243; background_size=&#8220;initial&#8220; background_position=&#8220;top_left&#8220; background_repeat=&#8220;repeat&#8220;][et_pb_column type=&#8220;4_4&#8243; _builder_version=&#8220;3.25&#8243; custom_padding=&#8220;|||&#8220; custom_padding__hover=&#8220;|||&#8220;][et_pb_text admin_label=&#8220;Text&#8220; _builder_version=&#8220;4.4.2&#8243; background_size=&#8220;initial&#8220; background_position=&#8220;top_left&#8220; background_repeat=&#8220;repeat&#8220;]<\/p>\n<p>Svoju misiju, proizvodnje i prodaje zdravstveno bezbednih, autenti\u010dnih, konditorskih proizvoda tradicionalnog kvaliteta, poslovni uspeh i dalji razvoj \u017ditoprerada DM gradi, u potpunosti zadovoljavaju\u0107i zahteve, potrebe i o\u010dekivanja kupaca i potro\u0161a\u010da.<\/p>\n<p>Temelj i stub politike kvaliteta i bezbednosti hrane, koja za \u017ditopreradu\u00a0DM predstavlja najvi\u0161u vrednost i klju\u010dni \u010dinilac uspeha, gradimo zadovoljavaju\u0107i:<\/p>\n<ul>\n<li>zahteve i o\u010dekivanja korisnika<\/li>\n<li>zahteve va\u017ee\u0107ih zakona i propisa<\/li>\n<li>sopstvene zahteve i ciljeve.<\/li>\n<\/ul>\n<p>\u017ditoprerada DM ima viziju da bude prepoznatljiv, uspe\u0161an i cenjen proizvo\u0111a\u010d konditorskih proizvoda sna\u017enih i priznatih brendova, prisutnih i prepoznatljivih na svim zna\u010dajnim tr\u017ei\u0161tima u regionu i \u0161ire, \u0161to temelji na dugogodi\u0161njoj uspe\u0161noj poslovnoj politici i strate\u0161kom cilju da ostane u dru\u0161tvu najboljih u konditorskoj industriji na i van prostora Balkana, uz:<\/p>\n<ul>\n<li>unapre\u0111enje postoje\u0107ih tr\u017ei\u0161nih pozicija i osvajanje novih tr\u017ei\u0161ta,<\/li>\n<li>o\u010duvanje interesa preduze\u0107a, uklju\u010duju\u0107i o\u010duvanje integriteta na\u0161ih proizvoda kroz primenu mera za\u0161tite od prevara<\/li>\n<li>ispunjavanje interesa svih zainteresovanih strana<\/li>\n<li>kontinuirano smanjenje negativnog uticaja na\u0161eg procesa na \u017eivotnu sredinu, minimiziranje nastajanja otpada i \u0161tetnih emisija u vazduh, vodu i zemlji\u0161te<\/li>\n<li>stru\u010dno osposobljavanje i ja\u010danje svesti zaposlenih, da se odgovorno i savesno odnose prema kvalitetu, bezbednosti i integritetu proizvoda, sredini u kojoj radimo i \u017eivimo, resursima i energiji koju koristimo, oslikavaju\u0107i \u017ditopreradu DM kao dru\u0161tveno odgovornu kompaniju.<\/li>\n<\/ul>\n<p>Svoje ciljeve \u017ditoprerada DM realizuje doslednim po\u0161tovanjem i primenom uspostavljenih\u00a0 HACCP principa i standarda:<\/p>\n<p style=\"text-align: center;\"><strong>ISO 9001:2015<\/strong><\/p>\n<p style=\"text-align: center;\"><strong>IFS Food- International Featured Standards, Verzija 6.1<\/strong><\/p>\n<p style=\"text-align: center;\"><strong>BRC &#8211; Global Standard for Food Safety, Izdanje 8<\/strong><\/p>\n<p>Svoju misiju i viziju ispunjavamo u radnom i poslovnom okru\u017eenju zasnovanom na saradnji, poverenju, podsticanju i nagra\u0111ivanju uspeha, u interesu svih zaposlenih, poslovnih partnera, kao i dru\u0161tvene zajednice u celini.<\/p>\n<p>Novi Be\u010dej, Februar 2019. godine<br \/> Direktor<\/p>\n<p>[\/et_pb_text][\/et_pb_column][\/et_pb_row][\/et_pb_section]<\/p>\n","protected":false},"excerpt":{"rendered":"<p>Svoju misiju, proizvodnje i prodaje zdravstveno bezbednih, autenti\u010dnih, konditorskih proizvoda tradicionalnog kvaliteta, poslovni uspeh i dalji razvoj \u017ditoprerada DM gradi, u potpunosti zadovoljavaju\u0107i zahteve, potrebe i o\u010dekivanja kupaca i potro\u0161a\u010da. Temelj i stub politike kvaliteta i bezbednosti hrane, koja za \u017ditopreradu\u00a0DM predstavlja najvi\u0161u vrednost i klju\u010dni \u010dinilac uspeha, gradimo zadovoljavaju\u0107i: zahteve i o\u010dekivanja korisnika zahteve [&hellip;]<\/p>\n","protected":false},"author":1,"featured_media":0,"parent":0,"menu_order":0,"comment_status":"closed","ping_status":"closed","template":"","meta":{"_acf_changed":false,"_et_pb_use_builder":"on","_et_pb_old_content":"<!-- wp:paragraph -->\n<p>Svoju misiju, proizvodnje i prodaje konditorskih proizvoda, poslovni uspeh i dalji razvoj&nbsp;<strong><em>\u017ditoprerada DM&nbsp;<\/em><\/strong>gradi vrhunskim kvalitetom svojih usluga i proizvoda uvek bezbednih za konzumiranje, kojima u potpunosti ispunjava:<\/p>\n<!-- \/wp:paragraph -->\n\n<!-- wp:list -->\n<ul><li>zahteve i o\u010dekivanja korisnika i posti\u017ee njihovo zadovoljstvo<\/li><li>zahteve va\u017ee\u0107ih zakona i propisa<\/li><li>sopstvene zahteve i ciljeve<\/li><\/ul>\n<!-- \/wp:list -->\n\n<!-- wp:paragraph -->\n<p>\u0161to ostvaruje stru\u010dnim radom svih zaposlenih, istra\u017eivanjem, razvojem i inoviranjem metoda i postupaka rada uslovljenim dostignu\u0107ima nauke, potrebama tr\u017ei\u0161ta i zajednice, sa ciljem zadovoljenja potreba korisnika, vlasnika, zaposlenih i dru\u0161tva u celini i&nbsp; za\u0161tite \u017eivotne sredine.<\/p>\n<!-- \/wp:paragraph -->\n\n<!-- wp:paragraph -->\n<p><strong><em>\u017ditoprerada DM&nbsp;<\/em><\/strong>ima viziju da bude prepoznatljiv, uspe\u0161an i cenjen proizvo\u0111a\u010d konditorskih proizvoda u regionu, \u0161to temelji na dugogodi\u0161njoj uspe\u0161noj poslovnoj politici i strate\u0161kim ciljevima da do kraja ove decenije postane i ostane u dru\u0161tvu najboljih u prehrambenoj, konditorskoj industriji na prostoru Balkana, uz:<\/p>\n<!-- \/wp:paragraph -->\n\n<!-- wp:list -->\n<ul><li>unapre\u0111enje tr\u017ei\u0161nih pozicija i osvajanje novih tr\u017ei\u0161ta,<\/li><li>o\u010duvanje interesa preduze\u0107a i<\/li><li>ispunjavanje li\u010dnih interesa svih zaposlenih.<\/li><\/ul>\n<!-- \/wp:list -->\n\n<!-- wp:paragraph {\"align\":\"center\"} -->\n<p class=\"has-text-align-center\">Svoje ciljeve&nbsp;<strong><em>\u017ditoprerada DM&nbsp;<\/em><\/strong>realizuje uvo\u0111enjem i doslednom primenom:<\/p>\n<!-- \/wp:paragraph -->\n\n<!-- wp:paragraph {\"align\":\"center\"} -->\n<p class=\"has-text-align-center\"><em>Sistema menad\u017ementa kvalitetom<\/em>&nbsp;usagla\u0161enim sa zahtevima standarda<\/p>\n<!-- \/wp:paragraph -->\n\n<!-- wp:paragraph {\"align\":\"center\"} -->\n<p class=\"has-text-align-center\"><strong>ISO 9001:2008<\/strong><\/p>\n<!-- \/wp:paragraph -->\n\n<!-- wp:paragraph {\"align\":\"center\"} -->\n<p class=\"has-text-align-center\"><em>Me\u0111unarodnog standarda za kontrolu kvaliteta i bezbednosti prehrambenih proizvoda<\/em><\/p>\n<!-- \/wp:paragraph -->\n\n<!-- wp:paragraph {\"align\":\"center\"} -->\n<p class=\"has-text-align-center\"><strong>IFS Food Verzija 6, International Featured Standards<\/strong><\/p>\n<!-- \/wp:paragraph -->\n\n<!-- wp:paragraph {\"align\":\"center\"} -->\n<p class=\"has-text-align-center\">uz dosledno po\u0161tovanje<strong>&nbsp;HACCP<\/strong>&nbsp;principa<\/p>\n<!-- \/wp:paragraph -->\n\n<!-- wp:paragraph -->\n<p>Osnovu primenjenog integrisanog sistema menad\u017ementa kvalitetom i bezbednosti hrane \u010dine osposobljenost zaposlenih, jasna odgovornost svakog pojedinca i svih funkcija, adekvatan menad\u017ement i obezbe\u0111enje svih potrebnih resursa.<\/p>\n<!-- \/wp:paragraph -->\n\n<!-- wp:paragraph -->\n<p>Novi Be\u010dej,&nbsp; avgust&nbsp; 2014. godine<\/p>\n<!-- \/wp:paragraph -->","_et_gb_content_width":"","footnotes":""},"class_list":["post-184","page","type-page","status-publish","hentry"],"acf":[],"yoast_head":"<!-- This site is optimized with the Yoast SEO plugin v24.6 - https:\/\/yoast.com\/wordpress\/plugins\/seo\/ -->\n<title>Politika kvaliteta i bezbednosti hrane - Blago Bisernog Ostrva<\/title>\n<meta name=\"robots\" content=\"index, follow, max-snippet:-1, max-image-preview:large, max-video-preview:-1\" \/>\n<link rel=\"canonical\" href=\"https:\/\/blagobisernogostrva.com\/?page_id=184\" \/>\n<meta property=\"og:locale\" content=\"sr_RS\" \/>\n<meta property=\"og:type\" content=\"article\" \/>\n<meta property=\"og:title\" content=\"Politika kvaliteta i bezbednosti hrane - Blago Bisernog Ostrva\" \/>\n<meta property=\"og:description\" content=\"Svoju misiju, proizvodnje i prodaje zdravstveno bezbednih, autenti\u010dnih, konditorskih proizvoda tradicionalnog kvaliteta, poslovni uspeh i dalji razvoj \u017ditoprerada DM gradi, u potpunosti zadovoljavaju\u0107i zahteve, potrebe i o\u010dekivanja kupaca i potro\u0161a\u010da. Temelj i stub politike kvaliteta i bezbednosti hrane, koja za \u017ditopreradu\u00a0DM predstavlja najvi\u0161u vrednost i klju\u010dni \u010dinilac uspeha, gradimo zadovoljavaju\u0107i: zahteve i o\u010dekivanja korisnika zahteve [&hellip;]\" \/>\n<meta property=\"og:url\" content=\"https:\/\/blagobisernogostrva.com\/?page_id=184\" \/>\n<meta property=\"og:site_name\" content=\"Blago Bisernog Ostrva\" \/>\n<meta property=\"article:modified_time\" content=\"2020-05-23T09:01:38+00:00\" \/>\n<meta name=\"twitter:card\" content=\"summary_large_image\" \/>\n<meta name=\"twitter:label1\" content=\"\u041f\u0440\u043e\u0446\u0435\u045a\u0435\u043d\u043e \u0432\u0440\u0435\u043c\u0435 \u0447\u0438\u0442\u0430\u045a\u0430\" \/>\n\t<meta name=\"twitter:data1\" content=\"2 \u043c\u0438\u043d\u0443\u0442\u0430\" \/>\n<script type=\"application\/ld+json\" class=\"yoast-schema-graph\">{\"@context\":\"https:\/\/schema.org\",\"@graph\":[{\"@type\":\"WebPage\",\"@id\":\"https:\/\/blagobisernogostrva.com\/?page_id=184\",\"url\":\"https:\/\/blagobisernogostrva.com\/?page_id=184\",\"name\":\"Politika kvaliteta i bezbednosti hrane - Blago Bisernog Ostrva\",\"isPartOf\":{\"@id\":\"https:\/\/blagobisernogostrva.com\/#website\"},\"datePublished\":\"2020-04-08T18:21:52+00:00\",\"dateModified\":\"2020-05-23T09:01:38+00:00\",\"breadcrumb\":{\"@id\":\"https:\/\/blagobisernogostrva.com\/?page_id=184#breadcrumb\"},\"inLanguage\":\"sr-RS\",\"potentialAction\":[{\"@type\":\"ReadAction\",\"target\":[\"https:\/\/blagobisernogostrva.com\/?page_id=184\"]}]},{\"@type\":\"BreadcrumbList\",\"@id\":\"https:\/\/blagobisernogostrva.com\/?page_id=184#breadcrumb\",\"itemListElement\":[{\"@type\":\"ListItem\",\"position\":1,\"name\":\"Home\",\"item\":\"https:\/\/blagobisernogostrva.com\/\"},{\"@type\":\"ListItem\",\"position\":2,\"name\":\"Politika kvaliteta i bezbednosti hrane\"}]},{\"@type\":\"WebSite\",\"@id\":\"https:\/\/blagobisernogostrva.com\/#website\",\"url\":\"https:\/\/blagobisernogostrva.com\/\",\"name\":\"Blago Bisernog Ostrva\",\"description\":\"Va\u0161 najsla\u0111i zalogaj\",\"publisher\":{\"@id\":\"https:\/\/blagobisernogostrva.com\/#organization\"},\"potentialAction\":[{\"@type\":\"SearchAction\",\"target\":{\"@type\":\"EntryPoint\",\"urlTemplate\":\"https:\/\/blagobisernogostrva.com\/?s={search_term_string}\"},\"query-input\":{\"@type\":\"PropertyValueSpecification\",\"valueRequired\":true,\"valueName\":\"search_term_string\"}}],\"inLanguage\":\"sr-RS\"},{\"@type\":\"Organization\",\"@id\":\"https:\/\/blagobisernogostrva.com\/#organization\",\"name\":\"Blago Bisernog Ostrva - \u017ditoprerada DM\",\"url\":\"https:\/\/blagobisernogostrva.com\/\",\"logo\":{\"@type\":\"ImageObject\",\"inLanguage\":\"sr-RS\",\"@id\":\"https:\/\/blagobisernogostrva.com\/#\/schema\/logo\/image\/\",\"url\":\"https:\/\/blagobisernogostrva.com\/wp-content\/uploads\/2020\/04\/blagobisernogostrva-logo.png\",\"contentUrl\":\"https:\/\/blagobisernogostrva.com\/wp-content\/uploads\/2020\/04\/blagobisernogostrva-logo.png\",\"width\":300,\"height\":139,\"caption\":\"Blago Bisernog Ostrva - \u017ditoprerada DM\"},\"image\":{\"@id\":\"https:\/\/blagobisernogostrva.com\/#\/schema\/logo\/image\/\"}}]}<\/script>\n<!-- \/ Yoast SEO plugin. -->","yoast_head_json":{"title":"Politika kvaliteta i bezbednosti hrane - Blago Bisernog Ostrva","robots":{"index":"index","follow":"follow","max-snippet":"max-snippet:-1","max-image-preview":"max-image-preview:large","max-video-preview":"max-video-preview:-1"},"canonical":"https:\/\/blagobisernogostrva.com\/?page_id=184","og_locale":"sr_RS","og_type":"article","og_title":"Politika kvaliteta i bezbednosti hrane - Blago Bisernog Ostrva","og_description":"Svoju misiju, proizvodnje i prodaje zdravstveno bezbednih, autenti\u010dnih, konditorskih proizvoda tradicionalnog kvaliteta, poslovni uspeh i dalji razvoj \u017ditoprerada DM gradi, u potpunosti zadovoljavaju\u0107i zahteve, potrebe i o\u010dekivanja kupaca i potro\u0161a\u010da. Temelj i stub politike kvaliteta i bezbednosti hrane, koja za \u017ditopreradu\u00a0DM predstavlja najvi\u0161u vrednost i klju\u010dni \u010dinilac uspeha, gradimo zadovoljavaju\u0107i: zahteve i o\u010dekivanja korisnika zahteve [&hellip;]","og_url":"https:\/\/blagobisernogostrva.com\/?page_id=184","og_site_name":"Blago Bisernog Ostrva","article_modified_time":"2020-05-23T09:01:38+00:00","twitter_card":"summary_large_image","twitter_misc":{"\u041f\u0440\u043e\u0446\u0435\u045a\u0435\u043d\u043e \u0432\u0440\u0435\u043c\u0435 \u0447\u0438\u0442\u0430\u045a\u0430":"2 \u043c\u0438\u043d\u0443\u0442\u0430"},"schema":{"@context":"https:\/\/schema.org","@graph":[{"@type":"WebPage","@id":"https:\/\/blagobisernogostrva.com\/?page_id=184","url":"https:\/\/blagobisernogostrva.com\/?page_id=184","name":"Politika kvaliteta i bezbednosti hrane - Blago Bisernog Ostrva","isPartOf":{"@id":"https:\/\/blagobisernogostrva.com\/#website"},"datePublished":"2020-04-08T18:21:52+00:00","dateModified":"2020-05-23T09:01:38+00:00","breadcrumb":{"@id":"https:\/\/blagobisernogostrva.com\/?page_id=184#breadcrumb"},"inLanguage":"sr-RS","potentialAction":[{"@type":"ReadAction","target":["https:\/\/blagobisernogostrva.com\/?page_id=184"]}]},{"@type":"BreadcrumbList","@id":"https:\/\/blagobisernogostrva.com\/?page_id=184#breadcrumb","itemListElement":[{"@type":"ListItem","position":1,"name":"Home","item":"https:\/\/blagobisernogostrva.com\/"},{"@type":"ListItem","position":2,"name":"Politika kvaliteta i bezbednosti hrane"}]},{"@type":"WebSite","@id":"https:\/\/blagobisernogostrva.com\/#website","url":"https:\/\/blagobisernogostrva.com\/","name":"Blago Bisernog Ostrva","description":"Va\u0161 najsla\u0111i zalogaj","publisher":{"@id":"https:\/\/blagobisernogostrva.com\/#organization"},"potentialAction":[{"@type":"SearchAction","target":{"@type":"EntryPoint","urlTemplate":"https:\/\/blagobisernogostrva.com\/?s={search_term_string}"},"query-input":{"@type":"PropertyValueSpecification","valueRequired":true,"valueName":"search_term_string"}}],"inLanguage":"sr-RS"},{"@type":"Organization","@id":"https:\/\/blagobisernogostrva.com\/#organization","name":"Blago Bisernog Ostrva - \u017ditoprerada DM","url":"https:\/\/blagobisernogostrva.com\/","logo":{"@type":"ImageObject","inLanguage":"sr-RS","@id":"https:\/\/blagobisernogostrva.com\/#\/schema\/logo\/image\/","url":"https:\/\/blagobisernogostrva.com\/wp-content\/uploads\/2020\/04\/blagobisernogostrva-logo.png","contentUrl":"https:\/\/blagobisernogostrva.com\/wp-content\/uploads\/2020\/04\/blagobisernogostrva-logo.png","width":300,"height":139,"caption":"Blago Bisernog Ostrva - \u017ditoprerada DM"},"image":{"@id":"https:\/\/blagobisernogostrva.com\/#\/schema\/logo\/image\/"}}]}},"_links":{"self":[{"href":"https:\/\/blagobisernogostrva.com\/index.php?rest_route=\/wp\/v2\/pages\/184","targetHints":{"allow":["GET"]}}],"collection":[{"href":"https:\/\/blagobisernogostrva.com\/index.php?rest_route=\/wp\/v2\/pages"}],"about":[{"href":"https:\/\/blagobisernogostrva.com\/index.php?rest_route=\/wp\/v2\/types\/page"}],"author":[{"embeddable":true,"href":"https:\/\/blagobisernogostrva.com\/index.php?rest_route=\/wp\/v2\/users\/1"}],"replies":[{"embeddable":true,"href":"https:\/\/blagobisernogostrva.com\/index.php?rest_route=%2Fwp%2Fv2%2Fcomments&post=184"}],"version-history":[{"count":11,"href":"https:\/\/blagobisernogostrva.com\/index.php?rest_route=\/wp\/v2\/pages\/184\/revisions"}],"predecessor-version":[{"id":452,"href":"https:\/\/blagobisernogostrva.com\/index.php?rest_route=\/wp\/v2\/pages\/184\/revisions\/452"}],"wp:attachment":[{"href":"https:\/\/blagobisernogostrva.com\/index.php?rest_route=%2Fwp%2Fv2%2Fmedia&parent=184"}],"curies":[{"name":"wp","href":"https:\/\/api.w.org\/{rel}","templated":true}]}}