{"id":218,"date":"2020-04-12T15:54:20","date_gmt":"2020-04-12T15:54:20","guid":{"rendered":"http:\/\/blagobisernogostrva.com\/?page_id=218"},"modified":"2020-05-23T10:21:50","modified_gmt":"2020-05-23T10:21:50","slug":"kontakt","status":"publish","type":"page","link":"https:\/\/blagobisernogostrva.com\/?page_id=218","title":{"rendered":"Kontakt"},"content":{"rendered":"<p>[et_pb_section fb_built=&#8220;1&#8243; _builder_version=&#8220;4.4.2&#8243;][et_pb_row _builder_version=&#8220;4.4.2&#8243;][et_pb_column type=&#8220;4_4&#8243; _builder_version=&#8220;4.4.2&#8243;][et_pb_map _builder_version=&#8220;4.4.2&#8243; hover_enabled=&#8220;0&#8243; address=&#8220;Ba\u0161aidski Put, Novi Be\u010dej, Serbia&#8220; address_lat=&#8220;45.6020552&#8243; address_lng=&#8220;20.1534711&#8243; zoom_level=&#8220;9&#8243;][et_pb_map_pin _builder_version=&#8220;4.4.2&#8243; pin_address=&#8220;Ba\u0161aidski Put bb, Novi Be\u010dej, Serbia&#8220; pin_address_lat=&#8220;45.601244513925&#8243; pin_address_lng=&#8220;20.149050819543&#8243; zoom_level=&#8220;16&#8243; title=&#8220;\u017ditoprerada DM&#8220; hover_enabled=&#8220;0&#8243;][\/et_pb_map_pin][\/et_pb_map][\/et_pb_column][\/et_pb_row][\/et_pb_section][et_pb_section fb_built=&#8220;1&#8243; _builder_version=&#8220;4.4.2&#8243;][et_pb_row column_structure=&#8220;1_2,1_2&#8243; _builder_version=&#8220;4.4.2&#8243;][et_pb_column type=&#8220;1_2&#8243; _builder_version=&#8220;4.4.2&#8243;][et_pb_text _builder_version=&#8220;4.4.2&#8243;]<\/p>\n<p style=\"text-align: center;\">\u017ditoprerada DM<\/p>\n<p style=\"text-align: center;\">Ba\u0161aidski put bb, Novi Be\u010dej<\/p>\n<p style=\"text-align: center;\">Srbija<\/p>\n<p style=\"text-align: center;\">+381 23 773 429<\/p>\n<p style=\"text-align: center;\">contact@blagobisernogostrva.com<\/p>\n<p>[\/et_pb_text][\/et_pb_column][et_pb_column type=&#8220;1_2&#8243; _builder_version=&#8220;4.4.2&#8243;][et_pb_contact_form use_spam_service=&#8220;on&#8220; recaptcha_list=&#8220;Default-0&#8243; email=&#8220;contact@blagobisernogostrva.com&#8220; submit_button_text=&#8220;Po\u0161alji&#8220; _builder_version=&#8220;4.4.2&#8243;][et_pb_contact_field field_id=&#8220;Name&#8220; field_title=&#8220;Ime&#8220; _builder_version=&#8220;3.16&#8243; button_text_size__hover_enabled=&#8220;off&#8220; button_one_text_size__hover_enabled=&#8220;off&#8220; button_two_text_size__hover_enabled=&#8220;off&#8220; button_text_color__hover_enabled=&#8220;off&#8220; button_one_text_color__hover_enabled=&#8220;off&#8220; button_two_text_color__hover_enabled=&#8220;off&#8220; button_border_width__hover_enabled=&#8220;off&#8220; button_one_border_width__hover_enabled=&#8220;off&#8220; button_two_border_width__hover_enabled=&#8220;off&#8220; button_border_color__hover_enabled=&#8220;off&#8220; button_one_border_color__hover_enabled=&#8220;off&#8220; button_two_border_color__hover_enabled=&#8220;off&#8220; button_border_radius__hover_enabled=&#8220;off&#8220; button_one_border_radius__hover_enabled=&#8220;off&#8220; button_two_border_radius__hover_enabled=&#8220;off&#8220; button_letter_spacing__hover_enabled=&#8220;off&#8220; button_one_letter_spacing__hover_enabled=&#8220;off&#8220; button_two_letter_spacing__hover_enabled=&#8220;off&#8220; button_bg_color__hover_enabled=&#8220;off&#8220; button_one_bg_color__hover_enabled=&#8220;off&#8220; button_two_bg_color__hover_enabled=&#8220;off&#8220;][\/et_pb_contact_field][et_pb_contact_field field_id=&#8220;Email&#8220; field_title=&#8220;Adresa e-po\u0161te&#8220; field_type=&#8220;email&#8220; _builder_version=&#8220;3.16&#8243; button_text_size__hover_enabled=&#8220;off&#8220; button_one_text_size__hover_enabled=&#8220;off&#8220; button_two_text_size__hover_enabled=&#8220;off&#8220; button_text_color__hover_enabled=&#8220;off&#8220; button_one_text_color__hover_enabled=&#8220;off&#8220; button_two_text_color__hover_enabled=&#8220;off&#8220; button_border_width__hover_enabled=&#8220;off&#8220; button_one_border_width__hover_enabled=&#8220;off&#8220; button_two_border_width__hover_enabled=&#8220;off&#8220; button_border_color__hover_enabled=&#8220;off&#8220; button_one_border_color__hover_enabled=&#8220;off&#8220; button_two_border_color__hover_enabled=&#8220;off&#8220; button_border_radius__hover_enabled=&#8220;off&#8220; button_one_border_radius__hover_enabled=&#8220;off&#8220; button_two_border_radius__hover_enabled=&#8220;off&#8220; button_letter_spacing__hover_enabled=&#8220;off&#8220; button_one_letter_spacing__hover_enabled=&#8220;off&#8220; button_two_letter_spacing__hover_enabled=&#8220;off&#8220; button_bg_color__hover_enabled=&#8220;off&#8220; button_one_bg_color__hover_enabled=&#8220;off&#8220; button_two_bg_color__hover_enabled=&#8220;off&#8220;][\/et_pb_contact_field][et_pb_contact_field field_id=&#8220;Message&#8220; field_title=&#8220;Poruka&#8220; field_type=&#8220;text&#8220; fullwidth_field=&#8220;on&#8220; _builder_version=&#8220;4.4.2&#8243; button_text_size__hover_enabled=&#8220;off&#8220; button_one_text_size__hover_enabled=&#8220;off&#8220; button_two_text_size__hover_enabled=&#8220;off&#8220; button_text_color__hover_enabled=&#8220;off&#8220; button_one_text_color__hover_enabled=&#8220;off&#8220; button_two_text_color__hover_enabled=&#8220;off&#8220; button_border_width__hover_enabled=&#8220;off&#8220; button_one_border_width__hover_enabled=&#8220;off&#8220; button_two_border_width__hover_enabled=&#8220;off&#8220; button_border_color__hover_enabled=&#8220;off&#8220; button_one_border_color__hover_enabled=&#8220;off&#8220; button_two_border_color__hover_enabled=&#8220;off&#8220; button_border_radius__hover_enabled=&#8220;off&#8220; button_one_border_radius__hover_enabled=&#8220;off&#8220; button_two_border_radius__hover_enabled=&#8220;off&#8220; button_letter_spacing__hover_enabled=&#8220;off&#8220; button_one_letter_spacing__hover_enabled=&#8220;off&#8220; button_two_letter_spacing__hover_enabled=&#8220;off&#8220; button_bg_color__hover_enabled=&#8220;off&#8220; button_one_bg_color__hover_enabled=&#8220;off&#8220; button_two_bg_color__hover_enabled=&#8220;off&#8220;][\/et_pb_contact_field][\/et_pb_contact_form][\/et_pb_column][\/et_pb_row][\/et_pb_section]<\/p>\n","protected":false},"excerpt":{"rendered":"<p>\u017ditoprerada DM Ba\u0161aidski put bb, Novi Be\u010dej Srbija +381 23 773 429 contact@blagobisernogostrva.com<\/p>\n","protected":false},"author":1,"featured_media":0,"parent":0,"menu_order":0,"comment_status":"closed","ping_status":"closed","template":"","meta":{"_acf_changed":false,"_et_pb_use_builder":"on","_et_pb_old_content":"<!-- wp:divi\/placeholder \/-->","_et_gb_content_width":"","footnotes":""},"class_list":["post-218","page","type-page","status-publish","hentry"],"acf":[],"yoast_head":"<!-- This site is optimized with the Yoast SEO plugin v24.6 - https:\/\/yoast.com\/wordpress\/plugins\/seo\/ -->\n<title>Kontakt - Blago Bisernog Ostrva<\/title>\n<meta name=\"robots\" content=\"index, follow, max-snippet:-1, max-image-preview:large, max-video-preview:-1\" \/>\n<link rel=\"canonical\" href=\"https:\/\/blagobisernogostrva.com\/?page_id=218\" \/>\n<meta property=\"og:locale\" content=\"sr_RS\" \/>\n<meta property=\"og:type\" content=\"article\" \/>\n<meta property=\"og:title\" content=\"Kontakt - Blago Bisernog Ostrva\" \/>\n<meta property=\"og:description\" content=\"\u017ditoprerada DM Ba\u0161aidski put bb, Novi Be\u010dej Srbija +381 23 773 429 contact@blagobisernogostrva.com\" \/>\n<meta property=\"og:url\" content=\"https:\/\/blagobisernogostrva.com\/?page_id=218\" \/>\n<meta property=\"og:site_name\" content=\"Blago Bisernog Ostrva\" \/>\n<meta property=\"article:modified_time\" content=\"2020-05-23T10:21:50+00:00\" \/>\n<meta name=\"twitter:card\" content=\"summary_large_image\" \/>\n<meta name=\"twitter:label1\" content=\"\u041f\u0440\u043e\u0446\u0435\u045a\u0435\u043d\u043e \u0432\u0440\u0435\u043c\u0435 \u0447\u0438\u0442\u0430\u045a\u0430\" \/>\n\t<meta name=\"twitter:data1\" content=\"3 \u043c\u0438\u043d\u0443\u0442\u0430\" \/>\n<script type=\"application\/ld+json\" class=\"yoast-schema-graph\">{\"@context\":\"https:\/\/schema.org\",\"@graph\":[{\"@type\":\"WebPage\",\"@id\":\"https:\/\/blagobisernogostrva.com\/?page_id=218\",\"url\":\"https:\/\/blagobisernogostrva.com\/?page_id=218\",\"name\":\"Kontakt - Blago Bisernog Ostrva\",\"isPartOf\":{\"@id\":\"https:\/\/blagobisernogostrva.com\/#website\"},\"datePublished\":\"2020-04-12T15:54:20+00:00\",\"dateModified\":\"2020-05-23T10:21:50+00:00\",\"breadcrumb\":{\"@id\":\"https:\/\/blagobisernogostrva.com\/?page_id=218#breadcrumb\"},\"inLanguage\":\"sr-RS\",\"potentialAction\":[{\"@type\":\"ReadAction\",\"target\":[\"https:\/\/blagobisernogostrva.com\/?page_id=218\"]}]},{\"@type\":\"BreadcrumbList\",\"@id\":\"https:\/\/blagobisernogostrva.com\/?page_id=218#breadcrumb\",\"itemListElement\":[{\"@type\":\"ListItem\",\"position\":1,\"name\":\"Home\",\"item\":\"https:\/\/blagobisernogostrva.com\/\"},{\"@type\":\"ListItem\",\"position\":2,\"name\":\"Kontakt\"}]},{\"@type\":\"WebSite\",\"@id\":\"https:\/\/blagobisernogostrva.com\/#website\",\"url\":\"https:\/\/blagobisernogostrva.com\/\",\"name\":\"Blago Bisernog Ostrva\",\"description\":\"Va\u0161 najsla\u0111i zalogaj\",\"publisher\":{\"@id\":\"https:\/\/blagobisernogostrva.com\/#organization\"},\"potentialAction\":[{\"@type\":\"SearchAction\",\"target\":{\"@type\":\"EntryPoint\",\"urlTemplate\":\"https:\/\/blagobisernogostrva.com\/?s={search_term_string}\"},\"query-input\":{\"@type\":\"PropertyValueSpecification\",\"valueRequired\":true,\"valueName\":\"search_term_string\"}}],\"inLanguage\":\"sr-RS\"},{\"@type\":\"Organization\",\"@id\":\"https:\/\/blagobisernogostrva.com\/#organization\",\"name\":\"Blago Bisernog Ostrva - \u017ditoprerada DM\",\"url\":\"https:\/\/blagobisernogostrva.com\/\",\"logo\":{\"@type\":\"ImageObject\",\"inLanguage\":\"sr-RS\",\"@id\":\"https:\/\/blagobisernogostrva.com\/#\/schema\/logo\/image\/\",\"url\":\"https:\/\/blagobisernogostrva.com\/wp-content\/uploads\/2020\/04\/blagobisernogostrva-logo.png\",\"contentUrl\":\"https:\/\/blagobisernogostrva.com\/wp-content\/uploads\/2020\/04\/blagobisernogostrva-logo.png\",\"width\":300,\"height\":139,\"caption\":\"Blago Bisernog Ostrva - \u017ditoprerada DM\"},\"image\":{\"@id\":\"https:\/\/blagobisernogostrva.com\/#\/schema\/logo\/image\/\"}}]}<\/script>\n<!-- \/ Yoast SEO plugin. -->","yoast_head_json":{"title":"Kontakt - Blago Bisernog Ostrva","robots":{"index":"index","follow":"follow","max-snippet":"max-snippet:-1","max-image-preview":"max-image-preview:large","max-video-preview":"max-video-preview:-1"},"canonical":"https:\/\/blagobisernogostrva.com\/?page_id=218","og_locale":"sr_RS","og_type":"article","og_title":"Kontakt - Blago Bisernog Ostrva","og_description":"\u017ditoprerada DM Ba\u0161aidski put bb, Novi Be\u010dej Srbija +381 23 773 429 contact@blagobisernogostrva.com","og_url":"https:\/\/blagobisernogostrva.com\/?page_id=218","og_site_name":"Blago Bisernog Ostrva","article_modified_time":"2020-05-23T10:21:50+00:00","twitter_card":"summary_large_image","twitter_misc":{"\u041f\u0440\u043e\u0446\u0435\u045a\u0435\u043d\u043e \u0432\u0440\u0435\u043c\u0435 \u0447\u0438\u0442\u0430\u045a\u0430":"3 \u043c\u0438\u043d\u0443\u0442\u0430"},"schema":{"@context":"https:\/\/schema.org","@graph":[{"@type":"WebPage","@id":"https:\/\/blagobisernogostrva.com\/?page_id=218","url":"https:\/\/blagobisernogostrva.com\/?page_id=218","name":"Kontakt - Blago Bisernog Ostrva","isPartOf":{"@id":"https:\/\/blagobisernogostrva.com\/#website"},"datePublished":"2020-04-12T15:54:20+00:00","dateModified":"2020-05-23T10:21:50+00:00","breadcrumb":{"@id":"https:\/\/blagobisernogostrva.com\/?page_id=218#breadcrumb"},"inLanguage":"sr-RS","potentialAction":[{"@type":"ReadAction","target":["https:\/\/blagobisernogostrva.com\/?page_id=218"]}]},{"@type":"BreadcrumbList","@id":"https:\/\/blagobisernogostrva.com\/?page_id=218#breadcrumb","itemListElement":[{"@type":"ListItem","position":1,"name":"Home","item":"https:\/\/blagobisernogostrva.com\/"},{"@type":"ListItem","position":2,"name":"Kontakt"}]},{"@type":"WebSite","@id":"https:\/\/blagobisernogostrva.com\/#website","url":"https:\/\/blagobisernogostrva.com\/","name":"Blago Bisernog Ostrva","description":"Va\u0161 najsla\u0111i zalogaj","publisher":{"@id":"https:\/\/blagobisernogostrva.com\/#organization"},"potentialAction":[{"@type":"SearchAction","target":{"@type":"EntryPoint","urlTemplate":"https:\/\/blagobisernogostrva.com\/?s={search_term_string}"},"query-input":{"@type":"PropertyValueSpecification","valueRequired":true,"valueName":"search_term_string"}}],"inLanguage":"sr-RS"},{"@type":"Organization","@id":"https:\/\/blagobisernogostrva.com\/#organization","name":"Blago Bisernog Ostrva - \u017ditoprerada DM","url":"https:\/\/blagobisernogostrva.com\/","logo":{"@type":"ImageObject","inLanguage":"sr-RS","@id":"https:\/\/blagobisernogostrva.com\/#\/schema\/logo\/image\/","url":"https:\/\/blagobisernogostrva.com\/wp-content\/uploads\/2020\/04\/blagobisernogostrva-logo.png","contentUrl":"https:\/\/blagobisernogostrva.com\/wp-content\/uploads\/2020\/04\/blagobisernogostrva-logo.png","width":300,"height":139,"caption":"Blago Bisernog Ostrva - \u017ditoprerada DM"},"image":{"@id":"https:\/\/blagobisernogostrva.com\/#\/schema\/logo\/image\/"}}]}},"_links":{"self":[{"href":"https:\/\/blagobisernogostrva.com\/index.php?rest_route=\/wp\/v2\/pages\/218","targetHints":{"allow":["GET"]}}],"collection":[{"href":"https:\/\/blagobisernogostrva.com\/index.php?rest_route=\/wp\/v2\/pages"}],"about":[{"href":"https:\/\/blagobisernogostrva.com\/index.php?rest_route=\/wp\/v2\/types\/page"}],"author":[{"embeddable":true,"href":"https:\/\/blagobisernogostrva.com\/index.php?rest_route=\/wp\/v2\/users\/1"}],"replies":[{"embeddable":true,"href":"https:\/\/blagobisernogostrva.com\/index.php?rest_route=%2Fwp%2Fv2%2Fcomments&post=218"}],"version-history":[{"count":6,"href":"https:\/\/blagobisernogostrva.com\/index.php?rest_route=\/wp\/v2\/pages\/218\/revisions"}],"predecessor-version":[{"id":467,"href":"https:\/\/blagobisernogostrva.com\/index.php?rest_route=\/wp\/v2\/pages\/218\/revisions\/467"}],"wp:attachment":[{"href":"https:\/\/blagobisernogostrva.com\/index.php?rest_route=%2Fwp%2Fv2%2Fmedia&parent=218"}],"curies":[{"name":"wp","href":"https:\/\/api.w.org\/{rel}","templated":true}]}}